t is -9 + 18373a4?
1837396
In base 16, what is 1b78 + -357?
1821
In base 15, what is 586e5 - 80?
58665
In base 14, what is 1123a6 - -bd?
112485
In base 6, what is -444353 + -151003?
-1035400
In base 16, what is 3 + ad839f8?
ad839fb
In base 7, what is 5 + -252530313?
-252530305
In base 15, what is 60b108a - 0?
60b108a
In base 12, what is 5660 + 4a44?
a4a4
In base 14, what is -12420975 - -1?
-12420974
In base 9, what is -53 + 72160?
72106
In base 5, what is -1 + -404131314?
-404131320
In base 8, what is 3367372 - 1265?
3366105
In base 13, what is 73a93 - -16?
73aa9
In base 4, what is 3320 - 11223321?
-11220001
In base 7, what is 32212533 - -3?
32212536
In base 10, what is -6913 + 7802?
889
In base 14, what is 1 + -c5b360?
-c5b35d
In base 14, what is -612 - -c8a2?
c290
In base 13, what is -184c8 - 642?
-18b3a
In base 14, what is -50b - -16d7?
11ca
In base 10, what is 950 + -10206?
-9256
In base 9, what is -47523 - 854?
-48477
In base 15, what is -15b4 + -16105?
-176b9
In base 15, what is -1 - 30ec35?
-30ec36
In base 4, what is -3031002032 + 2331?
-3030333101
In base 14, what is -1 + -94039b?
-94039c
In base 13, what is -8 + 3c16919?
3c16911
In base 4, what is -1213121320123 - 21?
-1213121320210
In base 16, what is 3 - -246053?
246056
In base 16, what is 2c3584 + -3?
2c3581
In base 11, what is 75 - -117361?
117426
In base 8, what is -24 - 1660004?
-1660030
In base 12, what is 3804a + 1327?
39375
In base 8, what is -57377 - 5731?
-65330
In base 8, what is -4 - -25656042?
25656036
In base 13, what is 4b946 + 194?
4bb0a
In base 16, what is -25ef7d2 - -2?
-25ef7d0
In base 12, what is -106375 + -207?
-106580
In base 12, what is 1514 - -17a5?
30b9
In base 11, what is 5436075 - -4?
5436079
In base 11, what is 3 - 6325773?
-6325770
In base 3, what is 11 - -11202200002000212?
11202200002001000
In base 11, what is -59a + 1294?
7a5
In base 8, what is -1353 - -1676627?
1675254
In base 11, what is -21738 - -2?
-21736
In base 9, what is -511017 - -61?
-510846
In base 2, what is -1100110000 - 11111111111111000?
-100000001100101000
In base 15, what is 4558 + -b196?
-6b3d
In base 13, what is -a81c2b - a?
-a81c38
In base 10, what is -978620 + 107?
-978513
In base 8, what is 2425405424 + -2?
2425405422
In base 12, what is b214b39 - -2?
b214b3b
In base 11, what is 859074 - -3?
859077
In base 5, what is -10414011 - 1022433?
-11441444
In base 15, what is 37 + d038b7?
d038ee
In base 9, what is -13 + -66828826?
-66828840
In base 6, what is -3052445 + 205?
-3052240
In base 9, what is -302 + -23013?
-23315
In base 10, what is 564578 - 38?
564540
In base 14, what is 18 + dd14a8?
dd14c2
In base 10, what is 2024296 - 178?
2024118
In base 14, what is 3275c + 6c8?
33046
In base 5, what is -3024 - 30111001?
-30114030
In base 15, what is 14c619e + 4?
14c61a3
In base 6, what is 10022102441 + 3?
10022102444
In base 10, what is 7 + -2818972?
-2818965
In base 7, what is 4501 + 265455?
303256
In base 4, what is 232011032 + -10?
232011022
In base 8, what is 57 + -1074043?
-1073764
In base 8, what is 4 + -50232131?
-50232125
In base 10, what is 1249 - 41333?
-40084
In base 15, what is 85b64 + -4c?
85b17
In base 12, what is -12673 - -6125?
-854a
In base 6, what is 33 - -23540241?
23540314
In base 9, what is -47045417 + -3?
-47045421
In base 6, what is 2 - 1230332330?
-1230332324
In base 6, what is 5 + -41021301422?
-41021301413
In base 15, what is -e + -b9b39?
-b9b48
In base 7, what is 120 - 1251140?
-1251020
In base 5, what is 24 + 134410220014?
134410220043
In base 11, what is -4 - 12a94750?
-12a94754
In base 3, what is 12211221010 + 211?
12211221221
In base 6, what is 113510121 + -11?
113510110
In base 8, what is -7055043 - -327?
-7054514
In base 2, what is 1011011011100110100000001 + 0?
1011011011100110100000001
In base 8, what is 16273 - 56?
16215
In base 6, what is 204 - 4341324?
-4341120
In base 10, what is -208108 + -954?
-209062
In base 10, what is -14 - 1609479?
-1609493
In base 9, what is -840 + -254446?
-255386
In base 16, what is -18ce - 1c0?
-1a8e
In base 2, what is 11000110011011101000110 + -100100?
11000110011011100100010
In base 14, what is -378 - 7005?
-737d
In base 8, what is 37032537 + 5?
37032544
In base 14, what is 7 + 955c7?
955d0
In base 7, what is 1651 + -2523210?
-2521226
In base 9, what is 3613101 - -2?
3613103
In base 6, what is -4353331351 + -11?
-4353331402
In base 6, what is 12521325 - 31?
12521254
In base 6, what is 3 - 135002333?
-135002330
In base 7, what is 15232233 - -2?
15232235
In base 6, what is 3100024 + 11441?
3111505
In base 11, what is 642 + -10246?
-a704
In base 9, what is -1586425 - 66?
-1586502
In base 14, what is c01999 - -3?
c0199c
In base 9, what is 585131 - -568?
585710
In base 6, what is -142 - 20330153?
-20330335
In base 14, what is -75a - -2691a?
261a0
In base 2, what is -11001 - -100111010110001001010?
100111010110000110001
In base 7, what is -212656 - 11204?
-224163
In base 12, what is -5 + -496a08b?
-496a094
In base 3, what is -2110001210121210 + 10?
-2110001210121200
In base 14, what is -1d03cab6 - 0?
-1d03cab6
In base 14, what is dd89 - 8b?
dcdc
In base 12, what is -138 - -28ab5?
28979
In base 10, what is 29193683 - -5?
29193688
In base 8, what is -473135 + 50?
-473065
In base 5, what is 2210243231 - 10?
2210243221
In base 11, what is 4 + 977367a8?
97736801
In base 11, what is -48310 - 1478?
-49788
In base 5, what is -12024344211 + 20?
-12024344141
In base 15, what is -1d1 - 43a6?
-4587
In base 10, what is -326267 - -5?
-326262
In base 9, what is 34654 + 113?
34767
In base 15, what is -a3e1 + 145?
-a29b
In base 12, what is 9 - -5b7813?
5b7820
In base 12, what is 3b02a0b + 53?
3b02a62
In base 7, what is -231340 + -34?
-231404
In base 6, what is -42423440 + 213?
-42423223
In base 6, what is 1024430 + -53425?
531001
In base 5, what is 4 + -30311433112?
-30311433103
In base 11, what is 7 - 34674?
-34668
In base 5, what is 10411224223 + 4?
10411224232
In base 16, what is -4 + -18db1a?
-18db1e
In base 3, what is -22221122120100 - 12?
-22221122120112
In base 11, what is 10 - -33078?
33088
In base 3, what is 21002220021222 + -11011?
21002220010211
In base 14, what is -128d9daa - -5?
-128d9da5
In base 4, what is 320200302 + 112133?
320313101
In base 5, what is 412232 + -234300?
122432
In base 13, what is 0 - c15806?
-c15806
In base 15, what is -2c9 + -1914b?
-19425
In base 9, what is 7317613 - 0?
7317613
In base 12, what is -5 + -22b94790?
-22b94795
In base 14, what is 194184 - 6?
19417c
In base 3, what is 111200112 + -22111?
111101001
In base 6, what is -5 + 1220134353?
1220134344
In base 14, what is -1581c9 + -5?
-1581d0
In base 10, what is 653579 - 2?
653577
In base 16, what is -39edd + 3bf?
-39b1e
In base 9, what is 722 - 187367?
-186545
In base 8, what is 1 - -131724510?
131724511
In base 13, what is 1278406 + -3?
1278403
In base 8, what is 5257 - -17305?
24564
In base 10, what is -2255299 + 21?
-2255278
In base 3, what is -1002200102110 - -10012?
-1002200022021
In base 9, what is -287 + 2354?
2056
In base 9, what is -3 + -24410315?
-24410318
In base 11, what is 28831 + 12?
28843
In base 5, what is 10 + 33234102033?
33234102043
In base 13, what is 5 - 494315?
-494310
In base 6, what is -31 + -200410345?
-200410420
In base 9, what is -60521 + 531?
-58880
In base 13, what is 7a30 + -5b?
79a2
In base 4, what is -3020032 - 10330?
-3031022
In base 12, what is -93299 + 274?
-93025
In base 8, what is 167163730 - 0?
167163730
In base 9, what is -6162366 + 15?
-6162351
In base 14, what is -44cd - 429a?
-8789
In base 9, what is -542 - 384027?
-384570
In base 14, what is 3 + -73c2c?
-73c29
In base 5, what is 2243 + -3031330?
-3024032
In base 11, what is -1 + 96095550?
9609554a
In base 16, what is ae445b + 5?
ae4460
In base 13, what is 161a05 + -a?
1619c8
In base 16, what is 298359c - -3?
298359f
In base 5, what is -1020401 + -23041?
-1043442
In base 7, what is -606 + -2131264?
-2132203
In base 7, what is 343605 - -1515?
345423
In base 3, what is -122210102011 - 122110?
-122211001121
In base 4, what is -30230303 - -21020?
-30203223
In base 7, what is 6563 - 644?
5616
In base 8, what is 341014 - -352?
341366
In base 9, what is 0 - -13278001?
13278001
In base 14, what is -12389 - -5?
-12384
In base 4, what is 10 - -10302112333102?
103021123331